{"id":1825,"date":"2023-04-07T15:53:06","date_gmt":"2023-04-07T13:53:06","guid":{"rendered":"https:\/\/piicto.fr\/wp-content\/uploads\/2023\/04\/BSP.jpg"},"modified":"2023-04-07T15:53:06","modified_gmt":"2023-04-07T13:53:06","slug":"a-la-base-les-visites-relevent-de-la-communication-externe-mais-leur-impact-est-reel-en-interne-indique-berenger-saltel-pongy-responsable-communication-devere-2","status":"inherit","type":"attachment","link":"https:\/\/piicto.fr\/en\/who-are-we\/a-la-base-les-visites-relevent-de-la-communication-externe-mais-leur-impact-est-reel-en-interne-indique-berenger-saltel-pongy-responsable-communication-devere-2\/","title":{"rendered":"&#8220;A la base, les visites rel\u00e8vent de la communication externe mais leur impact est r\u00e9el en interne&#8221;, indique B\u00e9renger Saltel-Pongy, responsable communication d&#8217;EveR\u00e9."},"author":4,"comment_status":"","ping_status":"closed","template":"","meta":{"inline_featured_image":false},"acf":[],"yoast_head":"<!-- This site is optimized with the Yoast SEO plugin v20.4 - https:\/\/yoast.com\/wordpress\/plugins\/seo\/ -->\n<title>&quot;A la base, les visites rel\u00e8vent de la communication externe mais leur impact est r\u00e9el en interne&quot;, indique B\u00e9renger Saltel-Pongy, responsable communication d&#039;EveR\u00e9. - Piicto<\/title>\n<meta name=\"robots\" content=\"index, follow, max-snippet:-1, max-image-preview:large, max-video-preview:-1\" \/>\n<link rel=\"canonical\" href=\"https:\/\/piicto.fr\/wp-content\/uploads\/2023\/04\/BSP.jpg\" \/>\n<meta property=\"og:locale\" content=\"en_US\" \/>\n<meta property=\"og:type\" content=\"article\" \/>\n<meta property=\"og:title\" content=\"&quot;A la base, les visites rel\u00e8vent de la communication externe mais leur impact est r\u00e9el en interne&quot;, indique B\u00e9renger Saltel-Pongy, responsable communication d&#039;EveR\u00e9. - Piicto\" \/>\n<meta property=\"og:description\" content=\"&quot;A la base, les visites rel\u00e8vent de la communication externe mais leur impact est r\u00e9el en interne&quot;, indique B\u00e9renger Saltel-Pongy, responsable communication d&#039;EveR\u00e9.\" \/>\n<meta property=\"og:url\" content=\"https:\/\/piicto.fr\/wp-content\/uploads\/2023\/04\/BSP.jpg\" \/>\n<meta property=\"og:site_name\" content=\"Piicto\" \/>\n<meta property=\"og:image\" content=\"https:\/\/piicto.fr\/wp-content\/uploads\/2023\/04\/BSP.jpg\" \/>\n\t<meta property=\"og:image:width\" content=\"820\" \/>\n\t<meta property=\"og:image:height\" content=\"594\" \/>\n\t<meta property=\"og:image:type\" content=\"image\/jpeg\" \/>\n<meta name=\"twitter:card\" content=\"summary_large_image\" \/>\n<script type=\"application\/ld+json\" class=\"yoast-schema-graph\">{\"@context\":\"https:\/\/schema.org\",\"@graph\":[{\"@type\":\"WebPage\",\"@id\":\"https:\/\/piicto.fr\/wp-content\/uploads\/2023\/04\/BSP.jpg\",\"url\":\"https:\/\/piicto.fr\/wp-content\/uploads\/2023\/04\/BSP.jpg\",\"name\":\"\\\"A la base, les visites rel\u00e8vent de la communication externe mais leur impact est r\u00e9el en interne\\\", indique B\u00e9renger Saltel-Pongy, responsable communication d'EveR\u00e9. - Piicto\",\"isPartOf\":{\"@id\":\"https:\/\/piicto.fr\/#website\"},\"datePublished\":\"2023-04-07T13:53:06+00:00\",\"dateModified\":\"2023-04-07T13:53:06+00:00\",\"breadcrumb\":{\"@id\":\"https:\/\/piicto.fr\/wp-content\/uploads\/2023\/04\/BSP.jpg#breadcrumb\"},\"inLanguage\":\"en-US\",\"potentialAction\":[{\"@type\":\"ReadAction\",\"target\":[\"https:\/\/piicto.fr\/wp-content\/uploads\/2023\/04\/BSP.jpg\"]}]},{\"@type\":\"BreadcrumbList\",\"@id\":\"https:\/\/piicto.fr\/wp-content\/uploads\/2023\/04\/BSP.jpg#breadcrumb\",\"itemListElement\":[{\"@type\":\"ListItem\",\"position\":1,\"name\":\"Home\",\"item\":\"https:\/\/piicto.fr\/en\/\"},{\"@type\":\"ListItem\",\"position\":2,\"name\":\"Who are we ?\",\"item\":\"https:\/\/piicto.fr\/en\/who-are-we\/\"},{\"@type\":\"ListItem\",\"position\":3,\"name\":\"&#8220;A la base, les visites rel\u00e8vent de la communication externe mais leur impact est r\u00e9el en interne&#8221;, indique B\u00e9renger Saltel-Pongy, responsable communication d&#8217;EveR\u00e9.\"}]},{\"@type\":\"WebSite\",\"@id\":\"https:\/\/piicto.fr\/#website\",\"url\":\"https:\/\/piicto.fr\/\",\"name\":\"Piicto\",\"description\":\"Piicto by Marseille Fos - Site officiel de la plateforme\",\"potentialAction\":[{\"@type\":\"SearchAction\",\"target\":{\"@type\":\"EntryPoint\",\"urlTemplate\":\"https:\/\/piicto.fr\/?s={search_term_string}\"},\"query-input\":\"required name=search_term_string\"}],\"inLanguage\":\"en-US\"}]}<\/script>\n<!-- \/ Yoast SEO plugin. -->","yoast_head_json":{"title":"\"A la base, les visites rel\u00e8vent de la communication externe mais leur impact est r\u00e9el en interne\", indique B\u00e9renger Saltel-Pongy, responsable communication d'EveR\u00e9. - Piicto","robots":{"index":"index","follow":"follow","max-snippet":"max-snippet:-1","max-image-preview":"max-image-preview:large","max-video-preview":"max-video-preview:-1"},"canonical":"https:\/\/piicto.fr\/wp-content\/uploads\/2023\/04\/BSP.jpg","og_locale":"en_US","og_type":"article","og_title":"\"A la base, les visites rel\u00e8vent de la communication externe mais leur impact est r\u00e9el en interne\", indique B\u00e9renger Saltel-Pongy, responsable communication d'EveR\u00e9. - Piicto","og_description":"\"A la base, les visites rel\u00e8vent de la communication externe mais leur impact est r\u00e9el en interne\", indique B\u00e9renger Saltel-Pongy, responsable communication d'EveR\u00e9.","og_url":"https:\/\/piicto.fr\/wp-content\/uploads\/2023\/04\/BSP.jpg","og_site_name":"Piicto","og_image":[{"width":820,"height":594,"url":"https:\/\/piicto.fr\/wp-content\/uploads\/2023\/04\/BSP.jpg","type":"image\/jpeg"}],"twitter_card":"summary_large_image","schema":{"@context":"https:\/\/schema.org","@graph":[{"@type":"WebPage","@id":"https:\/\/piicto.fr\/wp-content\/uploads\/2023\/04\/BSP.jpg","url":"https:\/\/piicto.fr\/wp-content\/uploads\/2023\/04\/BSP.jpg","name":"\"A la base, les visites rel\u00e8vent de la communication externe mais leur impact est r\u00e9el en interne\", indique B\u00e9renger Saltel-Pongy, responsable communication d'EveR\u00e9. - Piicto","isPartOf":{"@id":"https:\/\/piicto.fr\/#website"},"datePublished":"2023-04-07T13:53:06+00:00","dateModified":"2023-04-07T13:53:06+00:00","breadcrumb":{"@id":"https:\/\/piicto.fr\/wp-content\/uploads\/2023\/04\/BSP.jpg#breadcrumb"},"inLanguage":"en-US","potentialAction":[{"@type":"ReadAction","target":["https:\/\/piicto.fr\/wp-content\/uploads\/2023\/04\/BSP.jpg"]}]},{"@type":"BreadcrumbList","@id":"https:\/\/piicto.fr\/wp-content\/uploads\/2023\/04\/BSP.jpg#breadcrumb","itemListElement":[{"@type":"ListItem","position":1,"name":"Home","item":"https:\/\/piicto.fr\/en\/"},{"@type":"ListItem","position":2,"name":"Who are we ?","item":"https:\/\/piicto.fr\/en\/who-are-we\/"},{"@type":"ListItem","position":3,"name":"&#8220;A la base, les visites rel\u00e8vent de la communication externe mais leur impact est r\u00e9el en interne&#8221;, indique B\u00e9renger Saltel-Pongy, responsable communication d&#8217;EveR\u00e9."}]},{"@type":"WebSite","@id":"https:\/\/piicto.fr\/#website","url":"https:\/\/piicto.fr\/","name":"Piicto","description":"Piicto by Marseille Fos - Site officiel de la plateforme","potentialAction":[{"@type":"SearchAction","target":{"@type":"EntryPoint","urlTemplate":"https:\/\/piicto.fr\/?s={search_term_string}"},"query-input":"required name=search_term_string"}],"inLanguage":"en-US"}]}},"description":{"rendered":"<p class=\"attachment\"><a href='https:\/\/piicto.fr\/wp-content\/uploads\/2023\/04\/BSP.jpg'><img width=\"300\" height=\"217\" src=\"https:\/\/piicto.fr\/wp-content\/uploads\/2023\/04\/BSP-300x217.jpg\" class=\"attachment-medium size-medium\" alt=\"\" decoding=\"async\" loading=\"lazy\" srcset=\"https:\/\/piicto.fr\/wp-content\/uploads\/2023\/04\/BSP-300x217.jpg 300w, https:\/\/piicto.fr\/wp-content\/uploads\/2023\/04\/BSP-768x556.jpg 768w, https:\/\/piicto.fr\/wp-content\/uploads\/2023\/04\/BSP.jpg 820w\" sizes=\"(max-width: 300px) 100vw, 300px\" \/><\/a><\/p>\n"},"caption":{"rendered":"<p>&#8220;A la base, les visites rel\u00e8vent de la communication externe mais leur impact est r\u00e9el en interne&#8221;, indique B\u00e9renger Saltel-Pongy, responsable communication d&#8217;EveR\u00e9.<\/p>\n"},"alt_text":"","media_type":"image","mime_type":"image\/jpeg","media_details":{"width":820,"height":594,"file":"2023\/04\/BSP.jpg","filesize":67673,"sizes":{"medium":{"file":"BSP-300x217.jpg","width":300,"height":217,"filesize":11468,"mime_type":"image\/jpeg","source_url":"https:\/\/piicto.fr\/wp-content\/uploads\/2023\/04\/BSP-300x217.jpg"},"thumbnail":{"file":"BSP-150x150.jpg","width":150,"height":150,"filesize":5266,"mime_type":"image\/jpeg","source_url":"https:\/\/piicto.fr\/wp-content\/uploads\/2023\/04\/BSP-150x150.jpg"},"medium_large":{"file":"BSP-768x556.jpg","width":768,"height":556,"filesize":45454,"mime_type":"image\/jpeg","source_url":"https:\/\/piicto.fr\/wp-content\/uploads\/2023\/04\/BSP-768x556.jpg"},"actu-list-size":{"file":"BSP-496x302.jpg","width":496,"height":302,"filesize":20943,"mime_type":"image\/jpeg","source_url":"https:\/\/piicto.fr\/wp-content\/uploads\/2023\/04\/BSP-496x302.jpg"},"membre":{"file":"BSP-136x136.jpg","width":136,"height":136,"filesize":4563,"mime_type":"image\/jpeg","source_url":"https:\/\/piicto.fr\/wp-content\/uploads\/2023\/04\/BSP-136x136.jpg"},"slider":{"file":"BSP-69x69.jpg","width":69,"height":69,"filesize":2081,"mime_type":"image\/jpeg","source_url":"https:\/\/piicto.fr\/wp-content\/uploads\/2023\/04\/BSP-69x69.jpg"},"full":{"file":"BSP.jpg","width":820,"height":594,"mime_type":"image\/jpeg","source_url":"https:\/\/piicto.fr\/wp-content\/uploads\/2023\/04\/BSP.jpg"}},"image_meta":{"aperture":"0","credit":"J.-C. Barla","camera":"","caption":"\"A la base, les visites rel\u00e8vent de la communication externe mais leur impact est r\u00e9el en interne\", indique B\u00e9renger Saltel-Pongy, responsable communication d'EveR\u00e9.","created_timestamp":"0","copyright":"","focal_length":"0","iso":"0","shutter_speed":"0","title":"\"A la base, les visites rel\u00e8vent de la communication externe mais leur impact est r\u00e9el en interne\", indique B\u00e9renger Saltel-Pongy, responsable communication d'EveR\u00e9.","orientation":"0","keywords":[]}},"post":1699,"source_url":"https:\/\/piicto.fr\/wp-content\/uploads\/2023\/04\/BSP.jpg","_links":{"self":[{"href":"https:\/\/piicto.fr\/en\/wp-json\/wp\/v2\/media\/1825"}],"collection":[{"href":"https:\/\/piicto.fr\/en\/wp-json\/wp\/v2\/media"}],"about":[{"href":"https:\/\/piicto.fr\/en\/wp-json\/wp\/v2\/types\/attachment"}],"author":[{"embeddable":true,"href":"https:\/\/piicto.fr\/en\/wp-json\/wp\/v2\/users\/4"}],"replies":[{"embeddable":true,"href":"https:\/\/piicto.fr\/en\/wp-json\/wp\/v2\/comments?post=1825"}]}}

&#8220;A la base, les visites relèvent de la communication externe mais leur impact est réel en interne&#8221;, indique Bérenger Saltel-Pongy, responsable communication d&#8217;EveRé.

<!-- This site is optimized with the Yoast SEO plugin v20.4 - https://yoast.com/wordpress/plugins/seo/ -->
<title>&quot;A la base, les visites relèvent de la communication externe mais leur impact est réel en interne&quot;, indique Bérenger Saltel-Pongy, responsable communication d&#039;EveRé. - Piicto</title>
<meta name="robots" content="index, follow, max-snippet:-1, max-image-preview:large, max-video-preview:-1" />
<link rel="canonical" href="https://piicto.fr/wp-content/uploads/2023/04/BSP.jpg" />
<meta property="og:locale" content="en_US" />
<meta property="og:type" content="article" />
<meta property="og:title" content="&quot;A la base, les visites relèvent de la communication externe mais leur impact est réel en interne&quot;, indique Bérenger Saltel-Pongy, responsable communication d&#039;EveRé. - Piicto" />
<meta property="og:description" content="&quot;A la base, les visites relèvent de la communication externe mais leur impact est réel en interne&quot;, indique Bérenger Saltel-Pongy, responsable communication d&#039;EveRé." />
<meta property="og:url" content="https://piicto.fr/wp-content/uploads/2023/04/BSP.jpg" />
<meta property="og:site_name" content="Piicto" />
<meta property="og:image" content="https://piicto.fr/wp-content/uploads/2023/04/BSP.jpg" />
	<meta property="og:image:width" content="820" />
	<meta property="og:image:height" content="594" />
	<meta property="og:image:type" content="image/jpeg" />
<meta name="twitter:card" content="summary_large_image" />
<script type="application/ld+json" class="yoast-schema-graph">{"@context":"https://schema.org","@graph":[{"@type":"WebPage","@id":"https://piicto.fr/wp-content/uploads/2023/04/BSP.jpg","url":"https://piicto.fr/wp-content/uploads/2023/04/BSP.jpg","name":"\"A la base, les visites relèvent de la communication externe mais leur impact est réel en interne\", indique Bérenger Saltel-Pongy, responsable communication d'EveRé. - Piicto","isPartOf":{"@id":"https://piicto.fr/#website"},"datePublished":"2023-04-07T13:53:06+00:00","dateModified":"2023-04-07T13:53:06+00:00","breadcrumb":{"@id":"https://piicto.fr/wp-content/uploads/2023/04/BSP.jpg#breadcrumb"},"inLanguage":"en-US","potentialAction":[{"@type":"ReadAction","target":["https://piicto.fr/wp-content/uploads/2023/04/BSP.jpg"]}]},{"@type":"BreadcrumbList","@id":"https://piicto.fr/wp-content/uploads/2023/04/BSP.jpg#breadcrumb","itemListElement":[{"@type":"ListItem","position":1,"name":"Home","item":"https://piicto.fr/en/"},{"@type":"ListItem","position":2,"name":"Who are we ?","item":"https://piicto.fr/en/who-are-we/"},{"@type":"ListItem","position":3,"name":"&#8220;A la base, les visites relèvent de la communication externe mais leur impact est réel en interne&#8221;, indique Bérenger Saltel-Pongy, responsable communication d&#8217;EveRé."}]},{"@type":"WebSite","@id":"https://piicto.fr/#website","url":"https://piicto.fr/","name":"Piicto","description":"Piicto by Marseille Fos - Site officiel de la plateforme","potentialAction":[{"@type":"SearchAction","target":{"@type":"EntryPoint","urlTemplate":"https://piicto.fr/?s={search_term_string}"},"query-input":"required name=search_term_string"}],"inLanguage":"en-US"}]}</script>
<!-- / Yoast SEO plugin. -->

"A la base, les visites relèvent de la communication externe mais leur impact est réel en interne", indique Bérenger Saltel-Pongy, responsable communication d'EveRé. - Piicto

"A la base, les visites relèvent de la communication externe mais leur impact est réel en interne", indique Bérenger Saltel-Pongy, responsable communication d'EveRé.

<p>&#8220;A la base, les visites relèvent de la communication externe mais leur impact est réel en interne&#8221;, indique Bérenger Saltel-Pongy, responsable communication d&#8217;EveRé.</p>
